
Let j(n) = 45*n**3 - 18637*n**2 + 2894*n + 1643. Give j(414).
-13
Let t(o) = o**3 - 70*o**2 + 1142*o + 7. Give t(33).
-2600
Let k(l) = -5924*l + 1001087. Give k(169).
-69
Let y(o) = o**3 + 29*o**2 + 110*o + 6720. Determine y(-32).
128
Let m(d) = 2*d**3 + 3*d**2 + 710*d - 714. Calculate m(1).
1
Let c(u) = -6*u**2 - 496*u + 11743. Give c(23).
-2839
Let r(j) = 27*j - 6778. Give r(260).
242
Let q(k) = -25203*k - 277252. Determine q(-11).
-19
Let q(y) = 80*y**2 - 35923*y + 1354. Determine q(449).
7
Let q(y) = -2*y**3 - 435*y**2 - 668*y - 4283. Calculate q(-216).
37
Let m(s) = 49*s**3 - 3*s + 6. Give m(2).
392
Let t(i) = -2471*i - 36917. Calculate t(-15).
148
Let j(f) = -119*f**3 - 829*f**2 + 78*f + 342. What is j(-7)?
-8
Let y(h) = h**2 - 62*h - 36. Calculate y(59).
-213
Let b(w) = -7297*w - 58720. Give b(-8).
-344
Let r(j) = 2*j**2 + 34*j - 43895. Calculate r(139).
-527
Let o(s) = s**2 - 899*s + 23648. Calculate o(27).
104
Let i(q) = 30*q**2 - 2076*q + 2315. What is i(68)?
-133
Let k(q) = -23055*q - 69133. What is k(-3)?
32
Let a(p) = -9523*p + 65222. Determine a(7).
-1439
Let b(a) = -587*a + 60347. Give b(103).
-114
Let y(g) = 121573*g + 364722. Calculate y(-3).
3
Let k(v) = 2*v**3 - 6*v**2 - 174*v + 709. Determine k(4).
45
Let u(a) = -134*a - 3866. What is u(-32)?
422
Let x(o) = 19620*o - 117760. Determine x(6).
-40
Let f(j) = -j**3 - 64*j**2 + 14845*j - 1113. Determine f(-158).
-7
Let c(o) = 2639*o - 18649. Give c(7).
-176
Let i(a) = 15*a**3 - 33*a**2 - 636*a + 1287. What is i(2)?
3
Let z(w) = 3*w**3 + 85*w**2 + 132*w + 2886. Determine z(-28).
-26
Let z(x) = 1070*x + 239675. Determine z(-224).
-5
Let u(p) = -p**3 + 33*p**2 + 44*p + 5. Determine u(-1).
-5
Let m(x) = 21*x**3 - x**2 + 306*x - 601. Calculate m(2).
175
Let a(x) = -3*x**3 + 26*x**2 - 119*x + 59. Give a(7).
-529
Let g(o) = 218*o + 9629. Give g(-43).
255
Let j(z) = -z**3 + 155*z**2 - 1830*z - 173. Give j(13).
35
Let r(z) = 316*z + 114285. What is r(-362)?
-107
Let y(q) = 5*q**3 + 110*q**2 + 71*q + 1341. Determine y(-22).
-221
Let s(v) = -v**3 - 21*v**2 + 1560*v + 29143. Determine s(-18).
91
Let h(r) = -r**3 + 69*r**2 - 1070*r - 243. Give h(24).
-3
Let p(k) = -k**3 - 56*k**2 + 855*k + 49. What is p(14)?
-1701
Let w(r) = 421*r + 103941. Determine w(-247).
-46
Let q(x) = -3*x**2 + 9025*x - 677134. Give q(77).
4
Let o(k) = 2*k**2 + 3505*k - 10516. Determine o(3).
17
Let i(a) = -9820*a + 157125. Calculate i(16).
5
Let f(u) = 237*u**2 - 10420*u - 309. What is f(44)?
43
Let w(d) = 3458*d - 836900. Calculate w(242).
-64
Let g(r) = 9014*r - 6372904. What is g(707)?
-6
Let h(q) = 1045125*q - 7315872. Give h(7).
3
Let n(s) = 2*s**3 - 118*s**2 - 329*s + 1549. What is n(-5)?
-6
Let d(r) = -9932*r**2 - 506528*r + 209. What is d(-51)?
5
Let p(a) = -751*a - 35345. Determine p(-47).
-48
Let p(y) = -y**2 - 2785*y - 22224. Calculate p(-8).
-8
Let d(t) = -7034*t - 21083. Give d(-3).
19
Let d(x) = -x**3 + 8*x**2 + 1370*x - 1964. Give d(-34).
8
Let q(y) = 894*y - 5585. Determine q(9).
2461
Let p(b) = -2223*b**2 - 35581*b - 111. What is p(-16)?
97
Let n(z) = 81991*z - 573947. What is n(7)?
-10
Let j(a) = a**3 + 22*a**2 + 93*a + 522. Determine j(-9).
738
Let l(i) = 15*i**3 - 27*i**2 - 4392*i + 35. Give l(18).
-289
Let b(l) = 4*l**2 - 88*l + 501. What is b(7)?
81
Let n(c) = 17*c**2 + 461*c - 379. Give n(-28).
41
Let w(p) = -18*p**2 - 16077*p + 32162. Determine w(2).
-64
Let o(r) = -7*r**2 + 21*r + 4. Calculate o(4).
-24
Let l(c) = 4644*c + 69214. Give l(-15).
-446
Let l(p) = -2*p**2 + 59*p + 47. Determine l(4).
251
Let u(c) = -17361*c - 104229. Give u(-6).
-63
Let f(o) = -494898*o - 1979591. Determine f(-4).
1
Let m(w) = -w**2 - 76*w - 1050. Give m(-18).
-6
Let t(y) = -1648*y + 51032. Give t(31).
-56
Let z(p) = 10*p**2 + 10*p - 72. Determine z(-5).
128
Let n(t) = 273*t - 22851. Give n(90).
1719
Let b(p) = 19*p + 352. What is b(-33)?
-275
Let y(q) = q**3 - 295*q**2 - 833*q + 581132. Determine y(291).
5
Let f(h) = h**3 - 1824*h**2 - 16697*h + 366590. What is f(1833)?
-10
Let v(b) = -137*b**2 + 7812*b - 107. Give v(57).
64
Let v(s) = 386*s - 4167. What is v(14)?
1237
Let h(f) = 3*f**2 - 4967*f - 24799. What is h(-5)?
111
Let f(q) = 601*q - 23487. Give f(40).
553
Let f(p) = 434*p + 18269. Determine f(-42).
41
Let w(j) = -524*j**3 - 59*j**2 + 2*j. What is w(-1)?
463
Let t(h) = -50*h + 4152. Determine t(85).
-98
Let o(x) = -115*x**2 + 647*x + 8. Determine o(6).
-250
Let i(x) = -2*x**3 + 32*x**2 - 655*x + 11705. Give i(17).
-8
Let p(h) = h**3 - 107*h**2 - 668*h - 878. Calculate p(113).
252
Let j(d) = 25*d**2 - 562*d - 1575. Calculate j(25).
0
Let x(j) = -377*j + 9121. What is x(29)?
-1812
Let h(k) = -1094*k + 550. Give h(2).
-1638
Let f(o) = -646*o - 58539. What is f(-91)?
247
Let r(d) = 36*d + 991. What is r(-25)?
91
Let t(w) = 3*w**3 - 57*w**2 + 21*w - 167. Determine t(12).
-2939
Let r(d) = 2*d**2 - 2549*d + 79968. What is r(31)?
2871
Let j(l) = 8189*l + 65492. Give j(-8).
-20
Let h(s) = 5155*s - 9026. Determine h(2).
1284
Let v(k) = -2*k**3 - 151*k**2 - 2. Determine v(0).
-2
Let l(m) = -7*m + 376. Give l(-13).
467
Let j(c) = 451*c - 17526. Determine j(39).
63
Let a(p) = -3945*p + 68850. What is a(17)?
1785
Let a(h) = -h**3 - 334*h**2 + 8983*h + 2883. What is a(-359)?
11
Let o(q) = -q**2 + 97*q + 583. Give o(103).
-35
Let n(k) = -6*k**3 - 593*k**2 + 94*k - 368. Give n(-99).
127
Let c(k) = -91*k + 3780. Calculate c(55).
-1225
Let c(p) = -p**3 - 42*p**2 + 128*p + 3647. Determine c(-43).
-8
Let z(d) = -108*d - 21048. Determine z(-199).
444
Let r(b) = -25*b**2 + 1325*b - 61. Calculate r(0).
-61
Let k(g) = -929*g - 3262. Determine k(-4).
454
Let k(q) = -45*q - 3136. What is k(-61)?
-391
Let i(q) = -2476*q + 51968. Give i(21).
-28
Let u(i) = 1465*i - 5966. Determine u(5).
1359
Let r(u) = -u**3 - 300*u**2 - 1796*u + 1793. Calculate r(-7).
8
Let k(a) = 39*a**3 + 898*a**2 + 11*a - 52. Calculate k(-23).
224
Let f(m) = 2278*m + 207125. Give f(-91).
-173
Let n(t) = -62*t**2 + 22707*t - 161200. Calculate n(359).
-9
Let f(x) = -24209*x - 242067. What is f(-10)?
23
Let c(h) = 93*h + 7839. Give c(-90).
-531
Let b(k) = k**3 - 6*k**2 - 13*k + 52. Determine b(13).
1066
Let k(r) = -22*r**2 + 2136*r + 18245. What is k(105)?
-25
Let b(u) = -756*u - 119437. Calculate b(-158).
11
Let h(q) = -q**3 + 131*q**2 - 141*q + 1433. Give h(130).
3
Let j(a) = a**2 - 137*a + 3198. What is j(118)?
956
Let a(g) = 4554*g + 296058. What is a(-65)?
48
Let d(a) = -57222*a - 572230. Calculate d(-10).
-10
Let h(b) = 296*b + 2862. What is h(-12)?
-690
Let k(c) = -c**3 + 452*c**2 + 5560*c - 95. What is k(-12)?
1
Let u(d) = 4*d**2 + 153*d + 1265. Calculate u(-27).
50
Let n(d) = 188*d + 1060. Calculate n(-8).
-444
Let n(x) = -3*x**2 + 15394*x + 216115. Determine n(-14).
11
Let u(n) = 572*n - 2697. Determine u(5).
163
Let x(o) = o**3 + 90*o**2 + 1753*o + 257. Give x(-31).
2613
Let o(j) = -12995*j + 103948. Calculate o(8).
-12
Let l(a) = a**3 + 24*a**2 - 379*a - 8853. What is l(-26)?
-351
Let x(l) = 103*l**3 - 3*l**2 - 6*l - 10. Determine x(-2).
-834
Let c(q) = 12*q - 876. Give c(110).
444
Let o(u) = u**3 + u**2 - 3*u - 255. Calculate o(0).
-255
Let y(c) = -5*c**3 - 27*c**2 + 53*c - 3. Give y(2).
-45
Let i(q) = -23830*q + 23833. What is i(1)?
3
Let v(g) = 840*g - 231833. What is v(276)?
7
Let r(z) = -3*z**2 - 2642*z - 56623. Give r(-22).
49
Let q(m) = 382*m - 16769. Give q(44).
39
Let q(i) = 7*i**3 + 78*i**2 + 111*i - 201. Give q(-10).
-511
Let i(o) = 16055*o + 96189. What is i(-6)?
-141
Let m(b) = 6*b**2 - 56*b - 630. What is m(-6)?
-78
Let z(c) = -c**3 + 93*c**2 + 1617*c + 131. Give z(-15).
176
Let i(m) = 3004*m - 45120. What is i(15)?
-60
Let d(b) = 152*b - 3432. Determine d(14).
-1304
Let n(q) = -1844*q**2 + 9221*q - 25. Calculate n(5).
-20
Let q(i) = 282*i**3 - 5367*i**2 + 166*i + 55. What is q(19)?
-40
Let g(x) = x**3 - 48*x**2 - 36*x - 320. Give g(48).
-2048
Let v(k) = -3*k**3 - 97*k**2 - 819*k - 25177. Determine v(-32).
7
Let k(a) = -711*a**2 - 278713*a - 485. Calculate k(-392).
-93
Let v(o) = -o**2 - 297*o + 16919. Determine v(49).
-35
Let m(r) = -6*r**2 - 1231*r - 46055. Determine m(-49).
-142
Let b(n) = -990*n + 13563. What is b(12)?
1683
Let r(p) = 9*p**3 + 191*p**2 + 36*p - 157. Calculate r(-21).
-31
Let w(s) = s**2 - 13100*s - 104869. What is w